w + -577. What is the remainder when u is divided by 28?
21
Suppose -86 = -3*b - 5*q, -190*b - 5*q - 106 = -193*b. What is the remainder when 108 is divided by b?
12
What is the remainder when 1289 is divided by (-1)/(-24) + 390033/1512?
257
Suppose -3*n + 2 = 2*a - 0*n, 5*a - 2*n + 33 = 0. Let d = 1 - a. Suppose -d = -h - 0. Calculate the remainder when h is divided by 2.
0
Let g(j) = j**3 + 5*j**2 + 5*j + 14. Suppose 4*n - 9*n - 5 = 0. Let y be 3/9*12/n. Calculate the remainder when 33 is divided by g(y).
3
Let c(p) be the third derivative of 11*p**4/24 - p**3/2 - 3*p**2 - 696*p + 1. Suppose -10*v + 20 = -5*v. What is the remainder when c(v) is divided by 19?
3
Let k = -576 - -592. Let q(u) = u**3 - 17*u**2 + 16*u + 23. Calculate the remainder when q(k) is divided by 25/2*(-12)/(-15).
3
Let j = 252 + -92. Calculate the remainder when 120 is divided by (27/54)/(2/j).
0
Suppose 2*f + 110 = v - 4, 4*f = 0. What is the remainder when 441 is divided by v?
99
What is the remainder when 2929 is divided by ((-1)/4)/((3 + -1)*(-12)/93504)?
7
Let w be -10 - -20 - (-8)/(-2). Let t(v) = 14*v + 11. Let i be t(w). Suppose -2*p = -i - 85. What is the remainder when p is divided by 23?
21
Suppose -1195*w - 490 = -1230*w. What is the remainder when 2826 is divided by w?
12
Suppose 4*r + l - 844 = 0, 411*r - 409*r + l = 424. Calculate the remainder when 1464 is divided by r.
204
Suppose 9*j - 11*j + 33 = -3*l, 96 = 4*j + 4*l. What is the remainder when 626 is divided by j?
17
What is the remainder when 545 is divided by (-89)/((38/(-342))/(1/3))?
11
What is the remainder when 338 is divided by (17 - -2)/((-6)/(-9 - 27))?
110
Let y = -6 - -42. Let m = 62 - y. What is the remainder when (-2 - (-108)/(-3))*(2 - 4) is divided by m?
24
Let y = 24 + -13. Suppose -3 - y = -2*s. Let c = 3 + s. What is the remainder when 27 is divided by c?
7
Suppose -3 = -i + 6. What is the remainder when (-60 - 2)*(-11 + i) is divided by 36 + 9*(5 - (-13)/(-3))?
40
Let h = 203 - 302. Suppose -9*c + 6*c + 48 = 0. What is the remainder when (h - 30/(-6))/(-1) is divided by c?
14
Suppose 4*d - 800 = 5*g, -7*g = -4*g + 4*d + 448. Let t = g - -190. What is the remainder when 237 is divided by t?
33
Let c be 378/49*(-28)/(-3). Suppose 4 - c = -4*z. Calculate the remainder when 59 is divided by z.
8
Let w = 168 + -125. Suppose 9 = y - w. What is the remainder when y is divided by 29?
23
Suppose 3*m = 25 - 10, -3*g = -m - 22. Calculate the remainder when 1526 is divided by g.
5
Let m(q) = -26*q + 20. Let z = -9 - -13. Let t be m(z). What is the remainder when 55 is divided by t/(-8)*8/6?
13
Let g(a) = -3*a**2 - 11*a + 277. What is the remainder when 71 is divided by g(7)?
18
Let h = 3494 - 2980. Calculate the remainder when h is divided by 12.
10
What is the remainder when 960 is divided by (-16 - -11)/((-532)/175 - -3)?
85
Suppose t = 5*m - 29626, 0 = 5*m - 3*t - 9210 - 20428. What is the remainder when m is divided by 78?
74
Let x be ((-189)/(-6))/7 - 2/(-4). Suppose 5*g = -x*k + 210, -5*k + 4*g = -91 - 92. Calculate the remainder when 150 is divided by k.
33
Let w(d) = -6*d**2 + 100*d - 51. What is the remainder when 399 is divided by w(15)?
3
Let l = -56 - 8. Let g be (3/(-15) - 538/(-15))*-3. Let o = l - g. What is the remainder when o is divided by 22?
21
Suppose -4*s + 3*u = s, 0 = -5*s - u. Suppose s = 231*i - 240*i + 468. Calculate the remainder when 121 is divided by i.
17
Let y(m) be the first derivative of 3*m**3 - m**2 - 8*m + 55. Calculate the remainder when y(4) is divided by 10.
8
Suppose -8 = 2*s + 16. Let k(u) = -u**3 - 12*u**2 - u - 10. Let m be k(s). Suppose -2*d - m*d = -152. What is the remainder when 112 is divided by d?
36
Suppose -o + 24*o - 28732 = o. Calculate the remainder when o is divided by 119.
116
Let m = 24 + -17. Suppose 6 = -x, -2*f + 49*x = 53*x - 52. Calculate the remainder when f is divided by m.
3
Suppose 5*p = 4*v + 190, -3*p - 3*v - 83 = -5*p. Let f = -407 - -495. What is the remainder when f is divided by p?
20
What is the remainder when 1602 is divided by (147960/(-576))/((-27)/12) - 1/6?
6
Suppose l + 3*x = 1252, -7*l - 2479 = -9*l - x. Calculate the remainder when l is divided by 20.
17
Suppose 3*h + 54 + 39 = 0. Let u = 15 + h. What is the remainder when 16 is divided by 96/10 - u/40?
6
Let h(p) = -3*p**3 + 2*p**2 + 4*p + 3. Let r be ((-55)/(-5) + 0)/1. Suppose 5*w = -r + 31. What is the remainder when h(-2) is divided by w?
3
Let i be 4 + 163 + 4 + -3. Suppose -6*b = b + i. Let t = b + 47. What is the remainder when t is divided by 8?
7
Suppose -p + 5*k + 813 = 0, 0 = -41*p + 38*p - 4*k + 2420. What is the remainder when p is divided by 113?
17
Let y(k) = k**3 + 3*k**2 - 3*k + 2. Let n = -266 + 328. What is the remainder when (n*(-7)/(-14))/(1 - 0) is divided by y(-3)?
9
Let l(r) = 2*r**3 - 4*r**2 + r + 2. Let n(c) = c**3 + c - 2. Let b(s) = -l(s) + n(s). Calculate the remainder when 25 is divided by b(3).
0
Let s(q) = 1068*q**3 - 2*q**2 + q - 3. What is the remainder when s(1) is divided by 51?
44
Let h = 15951 + -8884. What is the remainder when h is divided by 70?
67
Suppose -32 = -5*a + 43. Suppose 7*g - 31 = -3*t - 0*t, 4*g = -3*t + 28. Calculate the remainder when a is divided by t.
7
Let o = -1485 + 2222. Let i = o - 597. Calculate the remainder when i is divided by 46.
2
Suppose z - 8948 = -4*f, -5*f - 10*z + 11210 = -15*z. Calculate the remainder when f is divided by 29.
5
Let w = 12008 - 12003. What is the remainder when 458 is divided by w?
3
Suppose 25184 + 31012 = 21*b. Let m = b + -1382. Calculate the remainder when m is divided by 48.
46
Suppose -2*n + 53 = 5*q, -4*q - n + 4*n + 24 = 0. Suppose -50 = 8*h - q*h. Let p = h - 43. What is the remainder when p is divided by 5?
2
Suppose -t + 2*k = 278, 0*k = t + 4*k + 266. Let m = 289 + t. What is the remainder when 38 is divided by m?
8
Suppose -4*x - 1392 = 5*g, 217 + 1175 = -4*x - 2*g. Let s = x - -363. What is the remainder when 147 is divided by s?
12
Let g be 7*(-2 + 3) - -3. Let s = g + 2. Let v = 1490 + -1443. What is the remainder when v is divided by s?
11
Suppose -19*k = -14*k - 50. What is the remainder when k is divided by (-10 - (5 + -10))/(10/(-12))?
4
Calculate the remainder when 3841 is divided by ((-51200)/6)/8*((-124)/20 + 5).
1
Suppose -2*q + 4*r - 2*r - 16 = 0, 2*q - 5*r + 25 = 0. What is the remainder when 10/(-2) - (3 - -3737)/q is divided by 31?
30
Suppose 0 = -3*i + p - 3, -9 + 21 = 4*i + 4*p. Suppose i = -4*h + 162 - 66. Calculate the remainder when h is divided by 9 - (6 - 7) - -4.
10
Let r(j) = 2*j**3 - 3*j**2 + 5*j - 2. Let l be r(3). Suppose -847 = 20*f - 947. Suppose f*h = -l + 115. Calculate the remainder when 132 is divided by h.
12
Let b(i) = i**3 - 6*i**2 - 3*i + 87. What is the remainder when 211 is divided by b(8)?
20
Let x be -9*((-1)/(-3))/(1/(-1)). Suppose 117 - 93 = x*h. Calculate the remainder when 61 is divided by h.
5
Let o(b) = b**3 - 2*b**2 - b + 2. Let s be o(2). Let k(z) be the first derivative of -z**2/2 + 3*z + 51. Calculate the remainder when k(s) is divided by 2.
1
Let i = 2187 + -1710. Calculate the remainder when i is divided by 21.
15
Let c = 17 - 23. Let b be (24/8 - (-10)/c)*-18. Let d = b + 97. What is the remainder when d is divided by 15?
13
Suppose 4*d - 8374 + 562 = -4*l, -2*l + 1949 = d. Calculate the remainder when d is divided by 14.
11
Let j(h) = -h**3 - 8*h**2 - 4*h + 15. Let i = 77 + -87. Calculate the remainder when j(i) is divided by 87.
81
Let z(q) = 364*q - 2362. What is the remainder when z(9) is divided by 15?
14
Let r(t) = -6*t + 1. What is the remainder when r(-9) is divided by 4 - (15/135)/((-2)/(-9))*-8?
7
Let b be 2 + (1 - (0 + -3 + 1)). Suppose 3*c - 8 + 3 = b*d, -2 = -2*c + 3*d. What is the remainder when 59 is divided by ((-21)/c)/(1*1/5)?
17
Suppose c + z = 548, 90*c + 1141 = 92*c - 3*z. What is the remainder when c is divided by 156?
89
Let m be 4*(1 - (-1)/(-2)). Suppose -1112 = 4*s - 1484. Suppose 2*a - 201 = 3*j, -3*j + s = a - m*j. What is the remainder when a is divided by 25?
21
Suppose 21*c + 5 = -16. What is the remainder when (-4 - c)/((-7)/343*3) is divided by 19?
11
Let a(o) = 90*o**2 - 68*o - 6. Calculate the remainder when a(-3) is divided by 101.
99
Suppose 3360 = 4*n - 2*d, 4*n - 1